
Calculate the remainder when 38 is divided by 13.
12
What is the remainder when 764 is divided by 274?
216
Calculate the remainder when 10 is divided by 3.
1
Calculate the remainder when 224 is divided by 94.
36
Calculate the remainder when 119 is divided by 33.
20
Calculate the remainder when 881 is divided by 33.
23
Calculate the remainder when 137 is divided by 46.
45
Calculate the remainder when 139 is divided by 28.
27
What is the remainder when 693 is divided by 32?
21
Calculate the remainder when 113 is divided by 24.
17
Calculate the remainder when 1658 is divided by 79.
78
What is the remainder when 15 is divided by 2?
1
Calculate the remainder when 103 is divided by 30.
13
Calculate the remainder when 60 is divided by 13.
8
Calculate the remainder when 1025 is divided by 490.
45
Calculate the remainder when 251 is divided by 111.
29
What is the remainder when 225 is divided by 40?
25
Calculate the remainder when 549 is divided by 61.
0
Calculate the remainder when 4390 is divided by 183.
181
Calculate the remainder when 837 is divided by 21.
18
What is the remainder when 259 is divided by 52?
51
What is the remainder when 147 is divided by 32?
19
What is the remainder when 1716 is divided by 95?
6
Calculate the remainder when 306 is divided by 44.
42
What is the remainder when 3614 is divided by 718?
24
What is the remainder when 51 is divided by 12?
3
What is the remainder when 200 is divided by 26?
18
What is the remainder when 33 is divided by 29?
4
What is the remainder when 2367 is divided by 37?
36
What is the remainder when 95 is divided by 28?
11
Calculate the remainder when 1074 is divided by 11.
7
What is the remainder when 265 is divided by 22?
1
What is the remainder when 102 is divided by 49?
4
Calculate the remainder when 92 is divided by 70.
22
What is the remainder when 81 is divided by 20?
1
Calculate the remainder when 12070 is divided by 12.
10
Calculate the remainder when 3213 is divided by 40.
13
What is the remainder when 359 is divided by 108?
35
Calculate the remainder when 1427 is divided by 22.
19
Calculate the remainder when 34 is divided by 9.
7
What is the remainder when 382 is divided by 7?
4
What is the remainder when 4157 is divided by 13?
10
What is the remainder when 77 is divided by 40?
37
What is the remainder when 497 is divided by 50?
47
What is the remainder when 158 is divided by 18?
14
Calculate the remainder when 37664 is divided by 74.
72
Calculate the remainder when 900 is divided by 82.
80
Calculate the remainder when 77 is divided by 44.
33
Calculate the remainder when 1114 is divided by 26.
22
Calculate the remainder when 194 is divided by 59.
17
What is the remainder when 108 is divided by 10?
8
Calculate the remainder when 2517 is divided by 4.
1
What is the remainder when 131 is divided by 38?
17
What is the remainder when 802 is divided by 37?
25
What is the remainder when 564 is divided by 63?
60
Calculate the remainder when 1727 is divided by 27.
26
Calculate the remainder when 1094 is divided by 157.
152
What is the remainder when 259 is divided by 35?
14
What is the remainder when 597 is divided by 247?
103
Calculate the remainder when 4291 is divided by 179.
174
What is the remainder when 370 is divided by 97?
79
What is the remainder when 4200 is divided by 54?
42
Calculate the remainder when 1015 is divided by 86.
69
Calculate the remainder when 249 is divided by 69.
42
What is the remainder when 18081 is divided by 132?
129
What is the remainder when 76 is divided by 8?
4
What is the remainder when 914 is divided by 77?
67
Calculate the remainder when 598 is divided by 15.
13
What is the remainder when 59 is divided by 26?
7
Calculate the remainder when 682 is divided by 57.
55
What is the remainder when 1092 is divided by 20?
12
What is the remainder when 919 is divided by 8?
7
What is the remainder when 25 is divided by 4?
1
Calculate the remainder when 15527 is divided by 10.
7
Calculate the remainder when 258 is divided by 33.
27
What is the remainder when 242 is divided by 52?
34
Calculate the remainder when 189 is divided by 40.
29
What is the remainder when 1948 is divided by 485?
8
Calculate the remainder when 66 is divided by 14.
10
Calculate the remainder when 91 is divided by 17.
6
What is the remainder when 994 is divided by 12?
10
Calculate the remainder when 15 is divided by 2.
1
Calculate the remainder when 4277 is divided by 46.
45
What is the remainder when 419 is divided by 133?
20
Calculate the remainder when 767 is divided by 22.
19
Calculate the remainder when 211 is divided by 55.
46
Calculate the remainder when 258 is divided by 26.
24
What is the remainder when 1055 is divided by 379?
297
Calculate the remainder when 1039 is divided by 264.
247
Calculate the remainder when 2598 is divided by 121.
57
What is the remainder when 389 is divided by 187?
15
Calculate the remainder when 1224 is divided by 402.
18
Calculate the remainder when 1568 is divided by 113.
99
What is the remainder when 274 is divided by 71?
61
Calculate the remainder when 528 is divided by 91.
73
What is the remainder when 440 is divided by 90?
80
What is the remainder when 158 is divided by 40?
38
What is the remainder when 441 is divided by 122?
75
Calculate the remainder when 917 is divided by 67.
46
What is the remainder when 2159 is divided by 47?
44
What is the remainder when 1806 is divided by 27?
24
What is the remainder when 503 is divided by 22?
19
Calculate the remainder when 918 is divided by 40.
38
Calculate the remainder when 129 is divided by 83.
46
Calculate the remainder when 8152 is divided by 6.
4
What is the remainder when 1341 is divided by 64?
61
What is the remainder when 389 is divided by 28?
25
Calculate the remainder when 2754 is divided by 2728.
26
Calculate the remainder when 39 is divided by 23.
16
What is the remainder when 63 is divided by 14?
7
What is the remainder when 310 is divided by 9?
4
What is the remainder when 7 is divided by 2?
1
Calculate the remainder when 1226 is divided by 41.
37
Calculate the remainder when 3854 is divided by 133.
130
What is the remainder when 345 is divided by 40?
25
Calculate the remainder when 1724 is divided by 283.
26
What is the remainder when 29749 is divided by 35?
34
What is the remainder when 817 is divided by 207?
196
What is the remainder when 38 is divided by 9?
2
What is the remainder when 86 is divided by 45?
41
What is the remainder when 2410 is divided by 242?
232
What is the remainder when 235 is divided by 120?
115
Calculate the remainder when 351 is divided by 22.
21
What is the remainder when 5823 is divided by 969?
9
What is the remainder when 69 is divided by 9?
6
Calculate the remainder when 485 is divided by 11.
1
Calculate the remainder when 817 is divided by 117.
115
Calculate the remainder when 621 is divided by 171.
108
Calculate the remainder when 1428 is divided by 179.
175
What is the remainder when 2230 is divided by 204?
190
What is the remainder when 653 is divided by 109?
108
Calculate the remainder when 2941 is divided by 184.
181
What is the remainder when 855 is divided by 175?
155
Calculate the remainder when 2476 is divided by 825.
1
Calculate the remainder when 88 is divided by 36.
16
Calculate the remainder when 2263 is divided by 12.
7
What is the remainder when 2956 is divided by 34?
32
Calculate the remainder when 773 is divided by 159.
137
Calculate the remainder when 595 is divided by 40.
35
What is the remainder when 3837 is divided by 15?
12
Calculate the remainder when 11 is divided by 1.
0
Calculate the remainder when 87 is divided by 28.
3
Calculate the remainder when 51 is divided by 38.
13
What is the remainder when 36 is divided by 23?
13
What is the remainder when 551 is divided by 253?
45
Calculate the remainder when 656 is divided by 83.
75
What is the remainder when 120 is divided by 31?
27
Calculate the remainder when 1086 is divided by 174.
42
Calculate the remainder when 337 is divided by 172.
165
What is the remainder when 1210 is divided by 3?
1
What is the remainder when 10449 is divided by 12?
9
Calculate the remainder when 415 is divided by 20.
15
What is the remainder when 30 is divided by 3?
0
Calculate the remainder when 105 is divided by 29.
